{"id":1810,"date":"2018-10-11T14:36:48","date_gmt":"2018-10-11T21:36:48","guid":{"rendered":"https:\/\/stagepcc.westernu.edu\/pomona\/?page_id=1810"},"modified":"2023-05-23T10:23:32","modified_gmt":"2023-05-23T17:23:32","slug":"dental","status":"publish","type":"page","link":"https:\/\/stagepcc.westernu.edu\/pomona\/services\/dental\/","title":{"rendered":"Dental Care Services"},"content":{"rendered":"<div class=\"wpb-content-wrapper\"><p>[vc_row][vc_column width=&#8221;3\/4&#8243;][vc_row_inner el_id=&#8221;overview&#8221;][vc_column_inner]<div class=\"dt-fancy-separator title-left h3-size title-color accent-border-color\" style=\"width: 100%;\"><div class=\"dt-fancy-title\"><span class=\"separator-holder separator-left\"><\/span>Overview<span class=\"separator-holder separator-right\"><\/span><\/div><\/div>[vc_empty_space height=&#8221;40px&#8221;][\/vc_column_inner][\/vc_row_inner][vc_row_inner][vc_column_inner width=&#8221;1\/2&#8243;][vc_single_image image=&#8221;2190&#8243; img_size=&#8221;full&#8221;][\/vc_column_inner][vc_column_inner width=&#8221;1\/2&#8243;][vc_column_text]WesternU Health offers a full range of Dental services, including primary and specialty dental care for your entire family, including pediatrics and adult dental care. You will receive specialized services provided by licensed and experienced dentists in periodontics, pediatric dentistry, endodontics, oral and maxillofacial surgery, and prosthodontics.<\/p>\n<p>Located at WesternU Health building in Pomona, you are provided compassionate patient care and education in an uplifting environment. This brightly lit facility is modern and conducive to patient-centered care.[\/vc_column_text][\/vc_column_inner][\/vc_row_inner][vc_row_inner][vc_column_inner][vc_column_text]The Dental center includes a state-of-the-art, 68-chair treatment area. It also boasts separate treatment rooms for more specialized dental exams and procedures.<\/p>\n<p>Student physicians work under the direct supervision of licensed dental faculty to deliver quality and comprehensive oral health care with a strong emphasis on preventive dental care. Our faculty and student practitioners also educate you on how to practice a healthy lifestyle and maintain daily oral care habits for your good health.<\/p>\n<p>You may use WesternU Health Dental services on your own or with a referral from your primary dental professional. Second opinions are welcome.<\/p>\n<p>Appointments are generally longer than they would be at a private dental office. This means that you will get a thorough exam using specialized state-of-the-art equipment and have adequate time to discuss your condition and recommendations. Cost for service is usually about 40-50% less than a private dental office.[\/vc_column_text][\/vc_column_inner][\/vc_row_inner][vc_row_inner el_id=&#8221;services&#8221;][vc_column_inner][vc_empty_space height=&#8221;120px&#8221;]<div class=\"dt-fancy-separator title-left h3-size title-color accent-border-color\" style=\"width: 100%;\"><div class=\"dt-fancy-title\"><span class=\"separator-holder separator-left\"><\/span>Services<span class=\"separator-holder separator-right\"><\/span><\/div><\/div>[vc_empty_space height=&#8221;40px&#8221;][vc_column_text]The WesternU Health services include the following:[\/vc_column_text][vc_empty_space height=&#8221;30px&#8221;][\/vc_column_inner][vc_column_inner width=&#8221;1\/3&#8243;]<div class=\"standard-arrow bullet-top\"><ul>\n<li>Exams<\/li>\n<li>Dental x-rays<\/li>\n<li>Cleanings<\/li>\n<li>Oral cancer screenings<\/li>\n<li>Periodontal (gum) care<\/li>\n<\/ul>\n<\/div>[\/vc_column_inner][vc_column_inner width=&#8221;1\/3&#8243;]<div class=\"standard-arrow bullet-top\"><ul>\n<li>Fluoride treatments<\/li>\n<li>Fillings<\/li>\n<li>Crowns<\/li>\n<li>Root canals<\/li>\n<\/ul>\n<\/div>[\/vc_column_inner][vc_column_inner width=&#8221;1\/3&#8243;]<div class=\"standard-arrow bullet-top\"><ul>\n<li>Bridgework<\/li>\n<li>Dentures<\/li>\n<li>Pediatric dentistry<\/li>\n<li>Dental Implants<\/li>\n<\/ul>\n<\/div>[\/vc_column_inner][\/vc_row_inner][vc_empty_space height=&#8221;100px&#8221;][\/vc_column][vc_column width=&#8221;1\/4&#8243;][vc_column_text]<div class=\"sidebar-content solid-bg\">\n\t\t\t<div class=\"wpb_wrapper\">\n\t\t\t\t\n\t\t\t<\/div>\n\t\t<\/div>\n\t\t[\/vc_column_text][vc_empty_space height=&#8221;20px&#8221;][vc_widget_sidebar sidebar_id=&#8221;cs-2&#8243;][vc_empty_space height=&#8221;20px&#8221;][vc_column_text css=&#8221;.vc_custom_1684862610193{padding-top: 20px !important;padding-right: 20px !important;padding-bottom: 20px !important;padding-left: 20px !important;background-color: #f7f7f7 !important;}&#8221;]<strong>New Patient Registration Forms:<\/strong><\/p>\n<ul>\n<li class=\"t3TextBold\"><a href=\"\/wp-content\/uploads\/pdfs\/pcc-dental-registration-packet.pdf\" target=\"_blank\" rel=\"noopener\">Adult English<\/a><\/li>\n<li><a href=\"\/wp-content\/uploads\/pdfs\/pcc-dental-registration-packet-pedo.pdf\" target=\"_blank\" rel=\"noopener\">Child English<\/a><\/li>\n<li><a href=\"\/wp-content\/uploads\/pdfs\/pcc-dental-registration-packet-sp.pdf\" target=\"_blank\" rel=\"noopener\">Espa\u00f1ol para Adultos<\/a><\/li>\n<li><a href=\"\/wp-content\/uploads\/pdfs\/pcc-dental-registration-packet-sp-pedo.pdf\" target=\"_blank\" rel=\"noopener\">Espa\u00f1ol para Ni\u00f1o<\/a><\/li>\n<li><a href=\"\/wp-content\/uploads\/pdfs\/pcc-dental-registration-packet-cn.pdf\" target=\"_blank\" rel=\"noopener\">\u75c5\u4eba\u767b\u8bb0\u8868 \u2013\u00a0\u6210\u4eba<\/a><\/li>\n<li><a href=\"\/wp-content\/uploads\/pdfs\/pcc-dental-registration-packet-cn-pedo.pdf\" target=\"_blank\" rel=\"noopener\">\u75c5\u4eba\u767b\u8bb0\u8868 \u2013 \u513f\u7ae5<\/a><\/li>\n<li><a href=\"\/wp-content\/uploads\/pdfs\/pcc-dental-registration-packet-viet.pdf\" target=\"_blank\" rel=\"noopener\">G\u00f3i \u0111\u0103ng k\u00fd d\u00e0nh cho ng\u01b0\u1eddi l\u1edbn<\/a><\/li>\n<li><a href=\"\/wp-content\/uploads\/pdfs\/pcc-dental-registration-packet-viet-pedo.pdf\" target=\"_blank\" rel=\"noopener\">G\u00f3i \u0111\u0103ng k\u00fd tr\u1ebb em<\/a><\/li>\n<\/ul>\n<p>[\/vc_column_text][vc_empty_space height=&#8221;20px&#8221;][vc_widget_sidebar sidebar_id=&#8221;sidebar_1&#8243;][vc_empty_space height=&#8221;20px&#8221;][\/vc_column][\/vc_row][vc_row full_width=&#8221;stretch_row&#8221; equal_height=&#8221;yes&#8221; bg_type=&#8221;bg_color&#8221; bg_color_value=&#8221;#f7f7f7&#8243; css=&#8221;.vc_custom_1541807380800{margin-bottom: -70px !important;}&#8221; el_id=&#8221;why-choose&#8221;][vc_column][vc_empty_space height=&#8221;120px&#8221;]<div class=\"dt-fancy-separator h3-size title-color accent-border-color\" style=\"width: 100%;\"><div class=\"dt-fancy-title\"><span class=\"separator-holder separator-left\"><\/span>Why choose WesternU Health The Dental Center?<span class=\"separator-holder separator-right\"><\/span><\/div><\/div>[vc_empty_space height=&#8221;40px&#8221;][vc_row_inner][vc_column_inner width=&#8221;1\/3&#8243;]<div class=\"standard-arrow bullet-top\"><ul>\n<li><strong>Expertise<\/strong>: Experienced, award winning, and nationally recognized dental faculty who are dedicated to your good health and wellness. Advanced students are directly supervised by general and specialized care dentists, providing you compassionate services.<\/li>\n<li><strong>Modern Facilities<\/strong>: Private examination and treatment rooms and specialized testing areas designed to provide our patients with expert dental care.<\/li>\n<\/ul>\n<\/div>[\/vc_column_inner][vc_column_inner width=&#8221;1\/3&#8243;]<div class=\"standard-arrow bullet-top\"><ul>\n<li><strong>Caring Providers<\/strong>: Specialized doctors who care enough to listen and make sure that you understand your dental health issues. Dentists and dental students who are eager to answer your questions and help you participate in your care.<\/li>\n<li><strong>Team Approach<\/strong>: Advanced dental students and supervising dental faculty work closely together to promote the highest level of patient-centered care. Consultation with other PCC healthcare providers also occurs for coordinated care.<\/li>\n<\/ul>\n<\/div>[\/vc_column_inner][vc_column_inner width=&#8221;1\/3&#8243;]<div class=\"standard-arrow bullet-top\"><ul>\n<li><strong>State-of-the-Art Equipment<\/strong>: The Dental Center is housed in a spacious and well-equipped building with impressive state-of-the-art diagnostic equipment. The center boasts a cone beam 3-dimensional scanner for a precise view of the teeth and mouth structure. Practitioners are able to scan the teeth for crowns, and then design and fabricate crowns on-site while you wait. Private dental practitioners often refer patients for more comprehensive diagnostics or complex conditions requiring more specialized assessment.<\/li>\n<\/ul>\n<\/div>[\/vc_column_inner][\/vc_row_inner][vc_empty_space height=&#8221;120px&#8221;][\/vc_column][\/vc_row]<\/p>\n<\/div>","protected":false},"excerpt":{"rendered":"<p>[vc_row][vc_column width=&#8221;3\/4&#8243;][vc_row_inner el_id=&#8221;overview&#8221;][vc_column_inner][vc_empty_space height=&#8221;40px&#8221;][\/vc_column_inner][\/vc_row_inner][vc_row_inner][vc_column_inner width=&#8221;1\/2&#8243;][vc_single_image image=&#8221;2190&#8243; img_size=&#8221;full&#8221;][\/vc_column_inner][vc_column_inner width=&#8221;1\/2&#8243;][vc_column_text]WesternU Health offers a full range of Dental services, including primary and specialty dental care for your entire family, including pediatrics and adult dental care. You will receive specialized services provided by licensed and experienced dentists in periodontics, pediatric dentistry, endodontics, oral and maxillofacial surgery, and prosthodontics. Located&hellip;<\/p>\n","protected":false},"author":4,"featured_media":0,"parent":1072,"menu_order":5,"comment_status":"closed","ping_status":"closed","template":"","meta":{"footnotes":""},"class_list":["post-1810","page","type-page","status-publish","hentry","description-off"],"aioseo_notices":[],"_links":{"self":[{"href":"https:\/\/stagepcc.westernu.edu\/pomona\/wp-json\/wp\/v2\/pages\/1810","targetHints":{"allow":["GET"]}}],"collection":[{"href":"https:\/\/stagepcc.westernu.edu\/pomona\/wp-json\/wp\/v2\/pages"}],"about":[{"href":"https:\/\/stagepcc.westernu.edu\/pomona\/wp-json\/wp\/v2\/types\/page"}],"author":[{"embeddable":true,"href":"https:\/\/stagepcc.westernu.edu\/pomona\/wp-json\/wp\/v2\/users\/4"}],"replies":[{"embeddable":true,"href":"https:\/\/stagepcc.westernu.edu\/pomona\/wp-json\/wp\/v2\/comments?post=1810"}],"version-history":[{"count":14,"href":"https:\/\/stagepcc.westernu.edu\/pomona\/wp-json\/wp\/v2\/pages\/1810\/revisions"}],"predecessor-version":[{"id":2347,"href":"https:\/\/stagepcc.westernu.edu\/pomona\/wp-json\/wp\/v2\/pages\/1810\/revisions\/2347"}],"up":[{"embeddable":true,"href":"https:\/\/stagepcc.westernu.edu\/pomona\/wp-json\/wp\/v2\/pages\/1072"}],"wp:attachment":[{"href":"https:\/\/stagepcc.westernu.edu\/pomona\/wp-json\/wp\/v2\/media?parent=1810"}],"curies":[{"name":"wp","href":"https:\/\/api.w.org\/{rel}","templated":true}]}}